he prime factors of 1200.
2, 3, 5
List the prime factors of 152.
2, 19
What are the prime factors of 7877?
7877
What are the prime factors of 113331?
3, 37, 1021
What are the prime factors of 13786?
2, 61, 113
List the prime factors of 11663.
107, 109
What are the prime factors of 101076?
2, 3, 8423
What are the prime factors of 3917?
3917
List the prime factors of 550.
2, 5, 11
What are the prime factors of 78089?
11, 31, 229
List the prime factors of 18903.
3, 6301
What are the prime factors of 5255?
5, 1051
What are the prime factors of 1291?
1291
List the prime factors of 6438.
2, 3, 29, 37
What are the prime factors of 197088?
2, 3, 2053
List the prime factors of 63190.
2, 5, 71, 89
What are the prime factors of 5402?
2, 37, 73
List the prime factors of 12602.
2, 6301
What are the prime factors of 2118?
2, 3, 353
List the prime factors of 12410.
2, 5, 17, 73
List the prime factors of 595.
5, 7, 17
What are the prime factors of 27646?
2, 23, 601
List the prime factors of 57340.
2, 5, 47, 61
List the prime factors of 6245.
5, 1249
What are the prime factors of 2008?
2, 251
What are the prime factors of 4959?
3, 19, 29
List the prime factors of 5514.
2, 3, 919
List the prime factors of 2128.
2, 7, 19
List the prime factors of 4967.
4967
What are the prime factors of 819?
3, 7, 13
List the prime factors of 11819.
53, 223
List the prime factors of 12113.
12113
What are the prime factors of 30337?
23, 1319
List the prime factors of 25342.
2, 12671
List the prime factors of 43914.
2, 3, 13, 563
What are the prime factors of 9059?
9059
List the prime factors of 125.
5
List the prime factors of 5093.
11, 463
What are the prime factors of 18527?
97, 191
List the prime factors of 5.
5
What are the prime factors of 1190?
2, 5, 7, 17
List the prime factors of 2956.
2, 739
List the prime factors of 83287.
37, 2251
List the prime factors of 1971.
3, 73
List the prime factors of 13275.
3, 5, 59
What are the prime factors of 22?
2, 11
What are the prime factors of 11535?
3, 5, 769
What are the prime factors of 183509?
183509
What are the prime factors of 2328?
2, 3, 97
What are the prime factors of 2945?
5, 19, 31
What are the prime factors of 18164?
2, 19, 239
What are the prime factors of 12673?
19, 23, 29
What are the prime factors of 6572?
2, 31, 53
List the prime factors of 874.
2, 19, 23
List the prime factors of 24564.
2, 3, 23, 89
List the prime factors of 969.
3, 17, 19
What are the prime factors of 3165?
3, 5, 211
What are the prime factors of 1478?
2, 739
List the prime factors of 30299.
41, 739
What are the prime factors of 1760?
2, 5, 11
What are the prime factors of 432?
2, 3
What are the prime factors of 2607?
3, 11, 79
What are the prime factors of 59265?
3, 5, 439
What are the prime factors of 241?
241
What are the prime factors of 2507?
23, 109
List the prime factors of 770.
2, 5, 7, 11
What are the prime factors of 96456?
2, 3, 4019
What are the prime factors of 11251?
11251
List the prime factors of 14995.
5, 2999
What are the prime factors of 788?
2, 197
List the prime factors of 16556.
2, 4139
What are the prime factors of 4769?
19, 251
List the prime factors of 1434.
2, 3, 239
List the prime factors of 727.
727
What are the prime factors of 252?
2, 3, 7
List the prime factors of 233.
233
What are the prime factors of 27247?
11, 2477
List the prime factors of 84952.
2, 7, 37, 41
What are the prime factors of 4656?
2, 3, 97
List the prime factors of 5761.
7, 823
List the prime factors of 48644.
2, 12161
List the prime factors of 739.
739
List the prime factors of 4457.
4457
List the prime factors of 10839.
3, 3613
List the prime factors of 40511.
17, 2383
List the prime factors of 49713.
3, 73, 227
List the prime factors of 21712.
2, 23, 59
List the prime factors of 4267.
17, 251
List the prime factors of 74640.
2, 3, 5, 311
What are the prime factors of 1694?
2, 7, 11
List the prime factors of 5719.
7, 19, 43
List the prime factors of 4376.
2, 547
What are the prime factors of 27692?
2, 7, 23, 43
What are the prime factors of 8917?
37, 241
List the prime factors of 75055.
5, 17, 883
List the prime factors of 13589.
107, 127
What are the prime factors of 4091?
4091
List the prime factors of 903.
3, 7, 43
What are the prime factors of 135664?
2, 61, 139
List the prime factors of 18.
2, 3
What are the prime factors of 145?
5, 29
What are the prime factors of 263?
263
What are the prime factors of 1669?
1669
List the prime factors of 684.
2, 3, 19
List the prime factors of 18278.
2, 13, 19, 37
List the prime factors of 1011.
3, 337
What are the prime factors of 245?
5, 7
What are the prime factors of 54371?
54371
What are the prime factors of 1467?
3, 163
List the prime factors of 1371.
3, 457
List the prime factors of 131136.
2, 3, 683
List the prime factors of 1340.
2, 5, 67
List the prime factors of 781.
11, 71
What are the prime factors of 38643?
3, 11, 1171
List the prime factors of 5131.
7, 733
What are the prime factors of 1557?
3, 173
List the prime factors of 5330.
2, 5, 13, 41
List the prime factors of 38717.
7, 5531
What are the prime factors of 4132?
2, 1033
What are the prime factors of 23581?
23581
List the prime factors of 43116.
2, 3, 3593
What are the prime factors of 3153?
3, 1051
List the prime factors of 858.
2, 3, 11, 13
List the prime factors of 83529.
3, 9281
What are the prime factors of 3129?
3, 7, 149
What are the prime factors of 6056?
2, 757
List the prime factors of 56.
2, 7
What are the prime factors of 68306?
2, 7, 17, 41
List the prime factors of 1209.
3, 13, 31
List the prime factors of 886.
2, 443
What are the prime factors of 947?
947
List the prime factors of 1340.
2, 5, 67
What are the prime factors of 706?
2, 353
What are the prime factors of 5806?
2, 2903
What are the prime factors of 2166?
2, 3, 19
List the prime factors of 8012.
2, 2003
List the prime factors of 5076.
2, 3, 47
What are the prime factors of 8292?
2, 3, 691
List the prime factors of 5021.
5021
List the prime factors of 45902.
2, 59, 389
List the prime factors of 37445.
5, 7489
List the prime factors of 6428.
2, 1607
List the prime factors of 3181.
3181
What are the prime factors of 13504?
2, 211
List the prime factors of 1174.
2, 587
List the prime factors of 3305.
5, 661
What are the prime factors of 5159?
7, 11, 67
List the prime factors of 42666.
2, 3, 13, 547
List the prime factors of 21266.
2, 7, 31
List the prime factors of 11909.
11909
List the prime factors of 5705.
5, 7, 163
What are the prime factors of 64950?
2, 3, 5, 433
List the prime factors of 13822.
2, 6911
List the prime factors of 102954.
2, 3, 17159
List the prime factors of 956.
2, 239
What are the prime factors of 163137?
3, 13, 47, 89
List the prime factors of 10584.
2, 3, 7
What are the prime factors of 794?
2, 397
What are the prime factors of 130845?
3, 5, 11, 13, 61
What are the prime factors of 880?
2, 5, 11
What are the prime factors of 17316?
2, 3, 13, 37
List the prime factors of 94523.
11, 13, 661
List the prime factors of 177291.
3, 19699
List the prime factors of 9745.
5, 1949
What are the prime factors of 1952?
2, 61
What are the prime factors of 2010?
2, 3, 5, 67
List the prime factors of 9224.
2, 1153
What are the prime factors of 28336?
2, 7, 11, 23
List the prime factors of 24377.
19, 1283
List the prime factors of 16179.
3, 5393
What are the prime factors of 45459?
3, 5051
What are the prime factors of 640?
2, 5
List the prime factors of 1787.
1787
List the prime factors of 2225.
5, 89
List the prime factors of 514.
2, 257
List the prime factors of 43017.
3, 13, 1103
List the prime factors of 1312.
2, 41
What are the prime factors of 4199?
13, 17, 19
List the prime factors of 114966.
2, 3, 2129
List the prime factors of 13540.
2, 5, 677
List the prime factors of 3735.
3, 5, 83
List the prime factors of 1634.
2, 19, 43
List the prime factors of 789.
3, 263
What are the prime factors of 1320?
2, 3, 5, 11
List the prime factors of 54182.
2, 27091
What are the prime factors of 7061?
23, 307
List the prime factors of 1546.
2, 773
List the prime factors of 7104.
2, 3, 37
List the prime factors of 65747.
11, 43, 139
What are the prime factors of 2220?
2, 3, 5, 37
List the prime factors of 2770.
2, 5, 277
List the prime factors of 86904.
2, 3, 17,